 3, 13, 317, 86423
List the prime factors of 137607787.
643, 214009
What are the prime factors of 301064034?
2, 3, 433, 115883
What are the prime factors of 567143406?
2, 3, 41, 461, 1667
What are the prime factors of 653899784?
2, 81737473
What are the prime factors of 28189340?
2, 5, 1409467
List the prime factors of 1743462568.
2, 31, 7030091
List the prime factors of 1012579118.
2, 4079, 124121
What are the prime factors of 20254287?
3, 41, 59, 2791
List the prime factors of 81220943.
149, 601, 907
List the prime factors of 40488496.
2, 1171, 2161
List the prime factors of 147227531.
11, 17, 23, 34231
What are the prime factors of 29102256?
2, 3, 202099
List the prime factors of 1711459145.
5, 11, 31117439
List the prime factors of 811422558.
2, 3, 127, 354953
List the prime factors of 1796709981.
3, 11, 727, 74891
What are the prime factors of 615452663?
7, 139, 281, 2251
List the prime factors of 54925436.
2, 17, 739, 1093
List the prime factors of 28644586.
2, 37, 387089
List the prime factors of 651203375.
5, 5209627
List the prime factors of 128454784.
2, 83, 107, 113
List the prime factors of 812835251.
8941, 90911
What are the prime factors of 160562566?
2, 181, 443543
What are the prime factors of 50726743?
331, 463
What are the prime factors of 203056880?
2, 5, 13, 23, 653
List the prime factors of 3231332641.
19, 269, 632231
List the prime factors of 262967928.
2, 3, 881, 12437
What are the prime factors of 2835423239?
11, 59, 4368911
List the prime factors of 262493682.
2, 3, 11, 3977177
What are the prime factors of 88394813?
13, 29, 37, 6337
What are the prime factors of 2316861834?
2, 3, 7, 83, 664619
What are the prime factors of 75418876?
2, 13, 37, 39199
What are the prime factors of 180907787?
71, 2547997
List the prime factors of 6385832516.
2, 7, 23, 37, 263, 1019
What are the prime factors of 4022629332?
2, 3, 647, 518113
List the prime factors of 2734250684.
2, 11, 1117, 55633
List the prime factors of 111398065.
5, 22279613
What are the prime factors of 7264643829?
3, 2421547943
List the prime factors of 5024948864.
2, 13, 3019801
List the prime factors of 231991839.
3, 25776871
What are the prime factors of 465078767?
79, 929, 6337
List the prime factors of 89635907.
761, 117787
What are the prime factors of 237529230?
2, 3, 5, 137, 57793
What are the prime factors of 2377926428?
2, 83, 1093, 6553
List the prime factors of 70043653.
7841, 8933
List the prime factors of 431854595.
5, 86370919
List the prime factors of 52798962.
2, 3, 101, 151, 577
What are the prime factors of 584684408?
2, 7, 11, 487, 1949
What are the prime factors of 1728003?
3, 576001
What are the prime factors of 1485688086?
2, 3, 59, 1013, 1381
What are the prime factors of 5190291981?
3, 7, 17, 4846211
What are the prime factors of 87689926?
2, 37, 32027
List the prime factors of 87829814.
2, 97, 452731
List the prime factors of 502135870.
2, 5, 29, 59707
List the prime factors of 312947460.
2, 3, 5, 7, 248371
What are the prime factors of 390710986?
2, 43, 239, 19009
What are the prime factors of 21342347?
13, 29, 56611
What are the prime factors of 220722475?
5, 17, 41, 53, 239
List the prime factors of 31059365.
5, 31, 200383
What are the prime factors of 311620919?
19, 37, 443273
List the prime factors of 70532245.
5, 7, 443, 4549
What are the prime factors of 63407740?
2, 5, 11, 491, 587
List the prime factors of 15664681.
15664681
List the prime factors of 46232755.
5, 9246551
List the prime factors of 18354212.
2, 379, 12107
List the prime factors of 1414391186.
2, 13, 41, 1326821
List the prime factors of 185721939.
3, 13, 109, 14563
What are the prime factors of 112144055?
5, 79, 283909
List the prime factors of 20445987.
3, 47, 145007
What are the prime factors of 3367218921?
3, 11, 3181, 32077
List the prime factors of 48354436.
2, 13, 67, 13879
What are the prime factors of 8535012?
2, 3, 37, 47, 409
List the prime factors of 227875917.
3, 75958639
List the prime factors of 70441028.
2, 7, 53, 6781
What are the prime factors of 133795598?
2, 59, 1133861
List the prime factors of 752434700.
2, 5, 107, 70321
List the prime factors of 435160516.
2, 7, 31, 43, 89, 131
What are the prime factors of 243854348?
2, 641, 95107
List the prime factors of 4679686368.
2, 3, 7, 2321273
What are the prime factors of 373590016?
2, 182417
What are the prime factors of 282111456?
2, 3, 11, 463, 577
What are the prime factors of 60204494?
2, 7, 1291, 3331
List the prime factors of 15817693.
97, 179, 911
What are the prime factors of 108011826?
2, 3, 13, 251, 613
List the prime factors of 53587091.
3209, 16699
List the prime factors of 122576122.
2, 61288061
List the prime factors of 22484611.
22484611
List the prime factors of 124260117.
3, 41420039
List the prime factors of 223669432.
2, 7, 41, 61, 1597
List the prime factors of 1390886224.
2, 7, 13, 73483
What are the prime factors of 191652540?
2, 3, 5, 31, 167, 617
List the prime factors of 51656930.
2, 5, 13, 397361
List the prime factors of 18902175.
3, 5, 252029
What are the prime factors of 203744361?
3, 6229, 10903
What are the prime factors of 256425163?
29, 101, 87547
What are the prime factors of 789640370?
2, 5, 23, 31, 110749
What are the prime factors of 2416709120?
2, 5, 7, 17, 7933
List the prime factors of 719063768.
2, 157, 181, 3163
What are the prime factors of 103209702?
2, 3, 109, 157813
List the prime factors of 14886631.
83, 179357
List the prime factors of 828690691.
97, 1009, 8467
List the prime factors of 155483283.
3, 51827761
List the prime factors of 432968318.
2, 29, 1321, 5651
List the prime factors of 182109472.
2, 43, 132347
List the prime factors of 110266902.
2, 3, 6125939
List the prime factors of 490126954.
2, 9137, 26821
List the prime factors of 1129246358.
2, 564623179
List the prime factors of 2802760379.
1361, 2059339
What are the prime factors of 1255254120?
2, 3, 5, 53, 65789
List the prime factors of 1948619248.
2, 23, 47, 112663
List the prime factors of 241743444.
2, 3, 3167, 6361
List the prime factors of 154055819.
17, 19, 41, 11633
What are the prime factors of 261042760?
2, 5, 11, 151, 3929
List the prime factors of 7740882.
2, 3, 17, 41, 617
What are the prime factors of 1779580085?
5, 157, 2266981
List the prime factors of 159629514.
2, 3, 11, 29, 83401
List the prime factors of 96116509.
193, 498013
List the prime factors of 5534697507.
3, 619, 1223, 2437
What are the prime factors of 60671764?
2, 809, 18749
List the prime factors of 6922465479.
3, 89, 2243, 3853
List the prime factors of 5922529.
97, 61057
What are the prime factors of 42937868?
2, 193, 55619
List the prime factors of 145878001.
145878001
List the prime factors of 4341320119.
43, 929, 108677
List the prime factors of 796951966.
2, 398475983
What are the prime factors of 400054965?
3, 5, 17, 73, 21491
What are the prime factors of 10631546?
2, 41, 317, 409
List the prime factors of 125475056.
2, 7, 1120313
What are the prime factors of 26202788?
2, 103, 63599
What are the prime factors of 1834631600?
2, 5, 823, 5573
What are the prime factors of 735504152?
2, 91938019
What are the prime factors of 311031197?
19, 16370063
What are the prime factors of 1162172885?
5, 163, 373, 3823
List the prime factors of 255394744.
2, 11, 2902213
What are the prime factors of 54372597?
3, 43, 421493
What are the prime factors of 2382529592?
2, 1931, 154229
What are the prime factors of 33614081?
33614081
What are the prime factors of 125876215?
5, 1033, 24371
What are the prime factors of 28697395?
5, 73, 78623
List the prime factors of 705529628.
2, 617, 285871
List the prime factors of 27300291.
3, 2671, 3407
What are the prime factors of 654536773?
11, 59503343
What are the prime factors of 132597717?
3, 7, 107, 59011
List the prime factors of 71434657.
7, 2789, 3659
List the prime factors of 762024904.
2, 131, 727123
What are the prime factors of 645479225?
5, 97, 266177
What are the prime factors of 907753719?
3, 23, 13155851
List the prime factors of 92863091.
92863091
What are the prime factors of 234304832?
2, 41, 89293
List the prime factors of 38613882.
2, 3, 41, 156967
List the prime factors of 288121882.
2, 17, 8474173
List the prime factors of 928648558.
2, 211, 2200589
What a